{"id":3326,"date":"2025-01-11T14:58:04","date_gmt":"2025-01-11T14:58:04","guid":{"rendered":"https:\/\/swissbeautypro.com\/?post_type=product&#038;p=3326"},"modified":"2025-12-15T21:56:33","modified_gmt":"2025-12-15T21:56:33","slug":"pumpkin-face-mask","status":"publish","type":"product","link":"https:\/\/swissbeautypro.com\/de\/produkt\/pumpkin-face-mask\/","title":{"rendered":"Pumpkin Face Mask"},"content":{"rendered":"<p><span style=\"color: #000000;\"><strong>VORTEILE:<\/strong><\/span><\/p>\n<p>Pumpkin Face Mask, die reich an Vitamin A und C, Beta-Carotin, Kalium und Antioxidantien ist.<br \/>\nK\u00fcrbis-Gesichtsmaske hilft n\u00e4hren, gl\u00e4tten, beruhigen und beruhigen die Haut. Sie f\u00f6rdert die\nKollagenproduktion, um Zeichen der Hautalterung und feine Linien zu verhindern.<\/p>\n<p><strong><span style=\"color: #000000;\">HAUTTYPEN\/HAUTPROBLEME:<\/span><\/strong> Ideal f\u00fcr besonders trockene, pigmentierte und fahle Haut.<\/p>\n<p><strong><span style=\"color: #000000;\">ANWENDUNG<\/span><\/strong><\/p>\n<p class=\" translation-block\">Tragen Sie die Maske nach der Reinigung gleichm\u00e4\u00dfig auf die Haut auf. <br>\nLassen Sie die Maske etwa 10 Minuten einwirken, bevor Sie sie mit einem feuchten Schwamm oder \nHandtuch abwischen.<\/p>\n<p><strong><span style=\"color: #000000;\">ANWENDUNGEN:<\/span><\/strong><br \/>\n40 Anwendungen f\u00fcr das Gesicht<\/p>\n<p><strong><span style=\"color: #000000;\">MENGE:<\/span><\/strong> 225 ml<\/p>","protected":false},"excerpt":{"rendered":"<p>DESCRIPTION: Pumpkin Face Mask, which is rich in vitamins A and C, beta-carotene, potassium and antioxidants. Pumpkin Face Mask helps nourish, smooth, soothe and calm the skin. It promotes collagen<\/p>","protected":false},"featured_media":3328,"comment_status":"open","ping_status":"closed","template":"","meta":[],"product_cat":[93],"product_tag":[73,74,84],"class_list":{"0":"post-3326","1":"product","2":"type-product","3":"status-publish","4":"has-post-thumbnail","6":"product_brand-esthemax","7":"product_cat-cream-face-mask","8":"product_tag-dry-skin","9":"product_tag-dull-skin","10":"product_tag-pigmentation","12":"first","13":"instock","14":"taxable","15":"shipping-taxable","16":"product-type-simple"},"_links":{"self":[{"href":"https:\/\/swissbeautypro.com\/de\/wp-json\/wp\/v2\/product\/3326","targetHints":{"allow":["GET"]}}],"collection":[{"href":"https:\/\/swissbeautypro.com\/de\/wp-json\/wp\/v2\/product"}],"about":[{"href":"https:\/\/swissbeautypro.com\/de\/wp-json\/wp\/v2\/types\/product"}],"replies":[{"embeddable":true,"href":"https:\/\/swissbeautypro.com\/de\/wp-json\/wp\/v2\/comments?post=3326"}],"version-history":[{"count":1,"href":"https:\/\/swissbeautypro.com\/de\/wp-json\/wp\/v2\/product\/3326\/revisions"}],"predecessor-version":[{"id":3331,"href":"https:\/\/swissbeautypro.com\/de\/wp-json\/wp\/v2\/product\/3326\/revisions\/3331"}],"wp:featuredmedia":[{"embeddable":true,"href":"https:\/\/swissbeautypro.com\/de\/wp-json\/wp\/v2\/media\/3328"}],"wp:attachment":[{"href":"https:\/\/swissbeautypro.com\/de\/wp-json\/wp\/v2\/media?parent=3326"}],"wp:term":[{"taxonomy":"product_cat","embeddable":true,"href":"https:\/\/swissbeautypro.com\/de\/wp-json\/wp\/v2\/product_cat?post=3326"},{"taxonomy":"product_tag","embeddable":true,"href":"https:\/\/swissbeautypro.com\/de\/wp-json\/wp\/v2\/product_tag?post=3326"}],"curies":[{"name":"wp","href":"https:\/\/api.w.org\/{rel}","templated":true}]}}

<p><span style="color: #000000;"><strong>VORTEILE:</strong></span></p>
<p>Pumpkin Face Mask, die reich an Vitamin A und C, Beta-Carotin, Kalium und Antioxidantien ist.<br />
Kürbis-Gesichtsmaske hilft nähren, glätten, beruhigen und beruhigen die Haut. Sie fördert die
Kollagenproduktion, um Zeichen der Hautalterung und feine Linien zu verhindern.</p>
<p><strong><span style="color: #000000;">HAUTTYPEN/HAUTPROBLEME:</span></strong> Ideal für besonders trockene, pigmentierte und fahle Haut.</p>
<p><strong><span style="color: #000000;">ANWENDUNG</span></strong></p>
<p class=" translation-block">Tragen Sie die Maske nach der Reinigung gleichmäßig auf die Haut auf. <br>
Lassen Sie die Maske etwa 10 Minuten einwirken, bevor Sie sie mit einem feuchten Schwamm oder 
Handtuch abwischen.</p>
<p><strong><span style="color: #000000;">ANWENDUNGEN:</span></strong><br />
40 Anwendungen für das Gesicht</p>
<p><strong><span style="color: #000000;">MENGE:</span></strong> 225 ml</p>
