{"id":1113,"date":"2024-04-16T01:45:59","date_gmt":"2024-04-16T01:45:59","guid":{"rendered":"https:\/\/swissbeautypro.com\/?post_type=product&#038;p=1113"},"modified":"2026-03-11T19:22:58","modified_gmt":"2026-03-11T19:22:58","slug":"ala-13-serum","status":"publish","type":"product","link":"https:\/\/swissbeautypro.com\/fr\/produit\/ala-13-serum\/","title":{"rendered":"ALA-13 SERUM"},"content":{"rendered":"<p><span style=\"color: #000000;\"><strong>DESCRIPTION:<\/strong><\/span><\/p>\n<p class=\" translation-block\">La th\u00e9rapie photodynamique est un traitement non invasif pour lutter contre l'acn\u00e9, qui utilise la \nlumi\u00e8re LED bleue pour activer l'acide aminol\u00e9vulinique pr\u00e9sent dans le s\u00e9rum, traitant \nefficacement l'acn\u00e9 mod\u00e9r\u00e9e et s\u00e9v\u00e8re en 4 \u00e0 8 s\u00e9ances. <br>\nIl p\u00e9n\u00e8tre dans le derme afin d'attaquer et d'\u00e9liminer la bact\u00e9rie propionibacterium acnes.<\/p>\n<p><span style=\"color: #000000;\"><strong>TYPES DE PEAU\/PR\u00c9OCCUPATIONS:<\/strong>:<\/span><\/p>\n<p>Peau sujette \u00e0 l'acn\u00e9, Acn\u00e9 active, Imperfections, Pores \ndilat\u00e9s.<\/p>\n<p><strong><span style=\"color: #000000;\">PRINCIPES ACTIFS:<\/span><\/strong><\/p>\n<p>AMINOLEVULINIC ACID 1.3%<\/p>\n<p><span style=\"color: #000000;\"><strong>CONTENU:<\/strong><\/span><br \/>\n100ml<\/p>\n<p><span style=\"color: #000000;\"><strong>APPLICAZIONI:<\/strong><\/span><\/p>\n<p>80 applications<\/p>\n<p><span style=\"color: #000000;\"><strong>HYDROJELLY MASK ASSORTI:<\/strong><\/span><\/p>\n<p>&#8211; Spot diminishing ALA, Purifying Active Charcoal, Cica Complexion Care, Beta-Carotene Floral<\/p>","protected":false},"excerpt":{"rendered":"<p><span style=\"color: #000000;\">Livraison 2-3 jours ouvrables<\/span><\/p>","protected":false},"featured_media":2485,"comment_status":"open","ping_status":"closed","template":"","meta":[],"product_cat":[107,112,118,70,95],"product_tag":[86,83,88],"class_list":{"0":"post-1113","1":"product","2":"type-product","3":"status-publish","4":"has-post-thumbnail","6":"product_brand-esthemax","7":"product_cat-acne","8":"product_cat-blemishes","9":"product_cat-oily-skin","10":"product_cat-products","11":"product_cat-serums","12":"product_tag-acne","13":"product_tag-blemishes","14":"product_tag-oily-skin","16":"first","17":"instock","18":"taxable","19":"shipping-taxable","20":"product-type-simple"},"_links":{"self":[{"href":"https:\/\/swissbeautypro.com\/fr\/wp-json\/wp\/v2\/product\/1113","targetHints":{"allow":["GET"]}}],"collection":[{"href":"https:\/\/swissbeautypro.com\/fr\/wp-json\/wp\/v2\/product"}],"about":[{"href":"https:\/\/swissbeautypro.com\/fr\/wp-json\/wp\/v2\/types\/product"}],"replies":[{"embeddable":true,"href":"https:\/\/swissbeautypro.com\/fr\/wp-json\/wp\/v2\/comments?post=1113"}],"version-history":[{"count":6,"href":"https:\/\/swissbeautypro.com\/fr\/wp-json\/wp\/v2\/product\/1113\/revisions"}],"predecessor-version":[{"id":2917,"href":"https:\/\/swissbeautypro.com\/fr\/wp-json\/wp\/v2\/product\/1113\/revisions\/2917"}],"wp:featuredmedia":[{"embeddable":true,"href":"https:\/\/swissbeautypro.com\/fr\/wp-json\/wp\/v2\/media\/2485"}],"wp:attachment":[{"href":"https:\/\/swissbeautypro.com\/fr\/wp-json\/wp\/v2\/media?parent=1113"}],"wp:term":[{"taxonomy":"product_cat","embeddable":true,"href":"https:\/\/swissbeautypro.com\/fr\/wp-json\/wp\/v2\/product_cat?post=1113"},{"taxonomy":"product_tag","embeddable":true,"href":"https:\/\/swissbeautypro.com\/fr\/wp-json\/wp\/v2\/product_tag?post=1113"}],"curies":[{"name":"wp","href":"https:\/\/api.w.org\/{rel}","templated":true}]}}

<p><span style="color: #000000;"><strong>DESCRIPTION:</strong></span></p>
<p class=" translation-block">La thérapie photodynamique est un traitement non invasif pour lutter contre l'acné, qui utilise la 
lumière LED bleue pour activer l'acide aminolévulinique présent dans le sérum, traitant 
efficacement l'acné modérée et sévère en 4 à 8 séances. <br>
Il pénètre dans le derme afin d'attaquer et d'éliminer la bactérie propionibacterium acnes.</p>
<p><span style="color: #000000;"><strong>TYPES DE PEAU/PRÉOCCUPATIONS:</strong>:</span></p>
<p>Peau sujette à l'acné, Acné active, Imperfections, Pores 
dilatés.</p>
<p><strong><span style="color: #000000;">PRINCIPES ACTIFS:</span></strong></p>
<p>AMINOLEVULINIC ACID 1.3%</p>
<p><span style="color: #000000;"><strong>CONTENU:</strong></span><br />
100ml</p>
<p><span style="color: #000000;"><strong>APPLICAZIONI:</strong></span></p>
<p>80 applications</p>
<p><span style="color: #000000;"><strong>HYDROJELLY MASK ASSORTI:</strong></span></p>
<p>&#8211; Spot diminishing ALA, Purifying Active Charcoal, Cica Complexion Care, Beta-Carotene Floral</p>
