{"id":2344,"date":"2024-06-11T15:34:08","date_gmt":"2024-06-11T15:34:08","guid":{"rendered":"https:\/\/swissbeautypro.com\/?post_type=product&#038;p=2344"},"modified":"2024-09-23T18:31:49","modified_gmt":"2024-09-23T18:31:49","slug":"crema-contorno-occhi-borse-occhiaie","status":"publish","type":"product","link":"https:\/\/swissbeautypro.com\/fr\/produit\/crema-contorno-occhi-borse-occhiaie\/","title":{"rendered":"Crema contorno occhi BORSE OCCHIAIE"},"content":{"rendered":"<p><strong><span style=\"color: #000000;\">CR\u00c8ME TONIFIANTE POUR LES YEUX<\/span><\/strong><\/p>\n<p><span style=\"color: #000000;\"><strong>ACTION:<\/strong><\/span><\/p>\n<p class=\" translation-block\">\u2022 aide \u00e0 \u00e9liminer les poches et les cernes <br>\n\u2022 am\u00e9liore la douceur, la fermet\u00e9 et l'\u00e9lasticit\u00e9 de la peau <br>\n\u2022 pr\u00e9vient les changements li\u00e9s \u00e0 l'\u00e2ge en enrichissant la peau en antioxydants<\/p>\n<p><strong><span style=\"color: #000000;\">TYPE DE PEAU \/ PR\u00c9OCCUPATIONS CUTAN\u00c9ES :<\/span> <\/strong><\/p>\n<p>Cr\u00e8me pour les yeux, Tous types de peaux<\/p>\n<p><strong><span style=\"color: #000000;\">INGR\u00c9DIENTS ACTIFS :<\/span><\/strong><\/p>\n<p>Escine ; caf\u00e9ine ; huile d'argan ; extraits de r\u00e9sine de Croton Lechleri, Hamamelis virginiana, \u00e9corce \nde ch\u00eane<\/p>\n<p><strong><span style=\"color: #000000;\">MODE D\u2019EMPLOI :<\/span><\/strong><\/p>\n<p class=\" translation-block\">\u2022 Appliquer d\u00e9licatement une petite quantit\u00e9 de cr\u00e8me Borse Occhiaie sur le contour des yeux et les \npaupi\u00e8res. Lisser entre les sourcils, sur les tempes et sur tout le contour de l'\u0153il. <br>\n\u2022 Utiliser le matin et\/ou le soir.<\/p>\n<p><strong><span style=\"color: #000000;\">CONTENU:<\/span> <\/strong><\/p>\n<p>30 ML<\/p>\n<p><em><strong><span style=\"color: #ff99cc;\">Sell Linda Kristel products in your salon and ensure great home care results for your clients.<\/span><\/strong><\/em><\/p>","protected":false},"excerpt":{"rendered":"<p><span style=\"color: #000000;\">Livraison 2-3 jours ouvrables<\/span><\/p>","protected":false},"featured_media":2345,"comment_status":"open","ping_status":"closed","template":"","meta":[],"product_cat":[141],"product_tag":[87],"class_list":{"0":"post-2344","1":"product","2":"type-product","3":"status-publish","4":"has-post-thumbnail","6":"product_brand-linda-kristel","7":"product_cat-face-creams","8":"product_tag-all-skin-types","10":"first","11":"outofstock","12":"taxable","13":"shipping-taxable","14":"product-type-simple"},"_links":{"self":[{"href":"https:\/\/swissbeautypro.com\/fr\/wp-json\/wp\/v2\/product\/2344","targetHints":{"allow":["GET"]}}],"collection":[{"href":"https:\/\/swissbeautypro.com\/fr\/wp-json\/wp\/v2\/product"}],"about":[{"href":"https:\/\/swissbeautypro.com\/fr\/wp-json\/wp\/v2\/types\/product"}],"replies":[{"embeddable":true,"href":"https:\/\/swissbeautypro.com\/fr\/wp-json\/wp\/v2\/comments?post=2344"}],"version-history":[{"count":4,"href":"https:\/\/swissbeautypro.com\/fr\/wp-json\/wp\/v2\/product\/2344\/revisions"}],"predecessor-version":[{"id":2836,"href":"https:\/\/swissbeautypro.com\/fr\/wp-json\/wp\/v2\/product\/2344\/revisions\/2836"}],"wp:featuredmedia":[{"embeddable":true,"href":"https:\/\/swissbeautypro.com\/fr\/wp-json\/wp\/v2\/media\/2345"}],"wp:attachment":[{"href":"https:\/\/swissbeautypro.com\/fr\/wp-json\/wp\/v2\/media?parent=2344"}],"wp:term":[{"taxonomy":"product_cat","embeddable":true,"href":"https:\/\/swissbeautypro.com\/fr\/wp-json\/wp\/v2\/product_cat?post=2344"},{"taxonomy":"product_tag","embeddable":true,"href":"https:\/\/swissbeautypro.com\/fr\/wp-json\/wp\/v2\/product_tag?post=2344"}],"curies":[{"name":"wp","href":"https:\/\/api.w.org\/{rel}","templated":true}]}}

<p><strong><span style="color: #000000;">CRÈME TONIFIANTE POUR LES YEUX</span></strong></p>
<p><span style="color: #000000;"><strong>ACTION:</strong></span></p>
<p class=" translation-block">• aide à éliminer les poches et les cernes <br>
• améliore la douceur, la fermeté et l'élasticité de la peau <br>
• prévient les changements liés à l'âge en enrichissant la peau en antioxydants</p>
<p><strong><span style="color: #000000;">TYPE DE PEAU / PRÉOCCUPATIONS CUTANÉES :</span> </strong></p>
<p>Crème pour les yeux, Tous types de peaux</p>
<p><strong><span style="color: #000000;">INGRÉDIENTS ACTIFS :</span></strong></p>
<p>Escine ; caféine ; huile d'argan ; extraits de résine de Croton Lechleri, Hamamelis virginiana, écorce 
de chêne</p>
<p><strong><span style="color: #000000;">MODE D’EMPLOI :</span></strong></p>
<p class=" translation-block">• Appliquer délicatement une petite quantité de crème Borse Occhiaie sur le contour des yeux et les 
paupières. Lisser entre les sourcils, sur les tempes et sur tout le contour de l'œil. <br>
• Utiliser le matin et/ou le soir.</p>
<p><strong><span style="color: #000000;">CONTENU:</span> </strong></p>
<p>30 ML</p>
<p><em><strong><span style="color: #ff99cc;">Sell Linda Kristel products in your salon and ensure great home care results for your clients.</span></strong></em></p>
