{"id":2358,"date":"2024-06-11T15:53:00","date_gmt":"2024-06-11T15:53:00","guid":{"rendered":"https:\/\/swissbeautypro.com\/?post_type=product&#038;p=2358"},"modified":"2024-09-11T22:25:01","modified_gmt":"2024-09-11T22:25:01","slug":"masque-peau-lisse","status":"publish","type":"product","link":"https:\/\/swissbeautypro.com\/fr\/produit\/masque-peau-lisse\/","title":{"rendered":"Masque Peau Lisse"},"content":{"rendered":"<p><span style=\"color: #000000;\"><strong>ACTION:<\/strong><\/span><\/p>\n<p class=\" translation-block\">\u2022 soulage l'inflammation et calme la peau <br>\n\u2022 d\u00e9bouche et resserre les pores <br>\n\u2022 soigne et favorise l'\u00e9quilibre naturel de la microflore cutan\u00e9e <br>\n\u2022 matifie et unifie le teint du visage <br><\/p>\n<p><strong><span style=\"color: #000000;\">TYPE DE PEAU \/ PR\u00c9OCCUPATIONS CUTAN\u00c9ES :<\/span> <\/strong><\/p>\n<p>Peau grasse, Acn\u00e9, Imperfections<\/p>\n<p><strong><span style=\"color: #000000;\">INGR\u00c9DIENTS ACTIFS :<\/span><\/strong><\/p>\n<p class=\" translation-block\">Oxyde de zinc ; camphre ; extraits de propolis, d'ananas, de papaye ; vitamines A, E ; huiles \nessentielles d'orange am\u00e8re, de niaouli, d'arbre \u00e0 th\u00e9 (Melaleuca), de menthe poivr\u00e9e, de thym, de \nsauge, de romarin, d'ylang-ylang, de lavande et de citron.<\/p>\n<p><strong><span style=\"color: #000000;\">MODE D\u2019EMPLOI :<\/span><\/strong><\/p>\n<p class=\" translation-block\">\u2022 Appliquer le masque anti-inflammatoire Peau Lisse sur la peau nettoy\u00e9e et tonifi\u00e9e et laisser agir pendant 15 \u00e0 20 minutes. <br>\n\u2022 Rincer \u00e0 l'eau. <br>\n\u2022 Essuyez votre peau avec des cotons imbib\u00e9s de lotion ou de tonique LK. <br>\n\u2022 Appliquer 1 \u00e0 2 doses de s\u00e9rum ou de liquide concentr\u00e9 LK, puis une dose de cr\u00e8me (\u00e9mulsion) \napr\u00e8s l'avoir m\u00e9lang\u00e9e sur la paume avec 1 \u00e0 3 gouttes de s\u00e9rum actif Linda Kristel. <br>\n\u2022 Utiliser 1 \u00e0 2 fois par semaine.<\/p>\n<p><strong><span style=\"color: #000000;\">CONTENU:<\/span> <\/strong><\/p>\n<p>100 ML<\/p>\n<p><em><strong><span style=\"color: #ff99cc;\">Sell Linda Kristel products in your salon and ensure great home care results for your clients.<\/span><\/strong><\/em><\/p>","protected":false},"excerpt":{"rendered":"<p><span style=\"color: #000000;\">Livraison 2-3 jours ouvrables<\/span><\/p>","protected":false},"featured_media":2361,"comment_status":"open","ping_status":"closed","template":"","meta":[],"product_cat":[93],"product_tag":[86,83,88],"class_list":{"0":"post-2358","1":"product","2":"type-product","3":"status-publish","4":"has-post-thumbnail","6":"product_brand-linda-kristel","7":"product_cat-cream-face-mask","8":"product_tag-acne","9":"product_tag-blemishes","10":"product_tag-oily-skin","12":"first","13":"outofstock","14":"taxable","15":"shipping-taxable","16":"product-type-simple"},"_links":{"self":[{"href":"https:\/\/swissbeautypro.com\/fr\/wp-json\/wp\/v2\/product\/2358","targetHints":{"allow":["GET"]}}],"collection":[{"href":"https:\/\/swissbeautypro.com\/fr\/wp-json\/wp\/v2\/product"}],"about":[{"href":"https:\/\/swissbeautypro.com\/fr\/wp-json\/wp\/v2\/types\/product"}],"replies":[{"embeddable":true,"href":"https:\/\/swissbeautypro.com\/fr\/wp-json\/wp\/v2\/comments?post=2358"}],"version-history":[{"count":4,"href":"https:\/\/swissbeautypro.com\/fr\/wp-json\/wp\/v2\/product\/2358\/revisions"}],"predecessor-version":[{"id":2831,"href":"https:\/\/swissbeautypro.com\/fr\/wp-json\/wp\/v2\/product\/2358\/revisions\/2831"}],"wp:featuredmedia":[{"embeddable":true,"href":"https:\/\/swissbeautypro.com\/fr\/wp-json\/wp\/v2\/media\/2361"}],"wp:attachment":[{"href":"https:\/\/swissbeautypro.com\/fr\/wp-json\/wp\/v2\/media?parent=2358"}],"wp:term":[{"taxonomy":"product_cat","embeddable":true,"href":"https:\/\/swissbeautypro.com\/fr\/wp-json\/wp\/v2\/product_cat?post=2358"},{"taxonomy":"product_tag","embeddable":true,"href":"https:\/\/swissbeautypro.com\/fr\/wp-json\/wp\/v2\/product_tag?post=2358"}],"curies":[{"name":"wp","href":"https:\/\/api.w.org\/{rel}","templated":true}]}}

<p><span style="color: #000000;"><strong>ACTION:</strong></span></p>
<p class=" translation-block">• soulage l'inflammation et calme la peau <br>
• débouche et resserre les pores <br>
• soigne et favorise l'équilibre naturel de la microflore cutanée <br>
• matifie et unifie le teint du visage <br></p>
<p><strong><span style="color: #000000;">TYPE DE PEAU / PRÉOCCUPATIONS CUTANÉES :</span> </strong></p>
<p>Peau grasse, Acné, Imperfections</p>
<p><strong><span style="color: #000000;">INGRÉDIENTS ACTIFS :</span></strong></p>
<p class=" translation-block">Oxyde de zinc ; camphre ; extraits de propolis, d'ananas, de papaye ; vitamines A, E ; huiles 
essentielles d'orange amère, de niaouli, d'arbre à thé (Melaleuca), de menthe poivrée, de thym, de 
sauge, de romarin, d'ylang-ylang, de lavande et de citron.</p>
<p><strong><span style="color: #000000;">MODE D’EMPLOI :</span></strong></p>
<p class=" translation-block">• Appliquer le masque anti-inflammatoire Peau Lisse sur la peau nettoyée et tonifiée et laisser agir pendant 15 à 20 minutes. <br>
• Rincer à l'eau. <br>
• Essuyez votre peau avec des cotons imbibés de lotion ou de tonique LK. <br>
• Appliquer 1 à 2 doses de sérum ou de liquide concentré LK, puis une dose de crème (émulsion) 
après l'avoir mélangée sur la paume avec 1 à 3 gouttes de sérum actif Linda Kristel. <br>
• Utiliser 1 à 2 fois par semaine.</p>
<p><strong><span style="color: #000000;">CONTENU:</span> </strong></p>
<p>100 ML</p>
<p><em><strong><span style="color: #ff99cc;">Sell Linda Kristel products in your salon and ensure great home care results for your clients.</span></strong></em></p>
